ndreds digit of 15258442?
4
What is the millions digit of 57052054?
7
What is the ten thousands digit of 89647915?
4
What is the hundreds digit of 224725601?
6
What is the tens digit of 1319803?
0
What is the billions digit of 1410819702?
1
What is the hundreds digit of 3750199?
1
What is the hundred millions digit of 1217107343?
2
What is the units digit of 1031372168?
8
What is the millions digit of 815785902?
5
What is the ten thousands digit of 289072240?
7
What is the hundred thousands digit of 59150409?
1
What is the thousands digit of 16441413?
1
What is the ten millions digit of 18339941?
1
What is the units digit of 303384976?
6
What is the ten thousands digit of 290975269?
7
What is the millions digit of 175948851?
5
What is the hundreds digit of 53726185?
1
What is the thousands digit of 281795381?
5
What is the hundred thousands digit of 95842116?
8
What is the thousands digit of 122805804?
5
What is the ten thousands digit of 195156088?
5
What is the hundreds digit of 36620950?
9
What is the units digit of 5328633?
3
What is the tens digit of 4470860777?
7
What is the hundreds digit of 122883813?
8
What is the ten millions digit of 216753520?
1
What is the hundreds digit of 211884698?
6
What is the millions digit of 819763968?
9
What is the millions digit of 19971196?
9
What is the ten millions digit of 651045528?
5
What is the units digit of 386493050?
0
What is the hundred thousands digit of 1370810221?
8
What is the ten millions digit of 66256607?
6
What is the billions digit of 2209546726?
2
What is the billions digit of 2385823909?
2
What is the units digit of 6032693?
3
What is the hundred millions digit of 202362790?
2
What is the tens digit of 873441379?
7
What is the ten millions digit of 41987432?
4
What is the tens digit of 13299959?
5
What is the millions digit of 153145765?
3
What is the millions digit of 1163960725?
3
What is the hundreds digit of 37165318?
3
What is the hundred thousands digit of 371879293?
8
What is the thousands digit of 1776322936?
2
What is the hundreds digit of 87579040?
0
What is the tens digit of 68982452?
5
What is the hundreds digit of 2770604802?
8
What is the tens digit of 1128808886?
8
What is the millions digit of 1822633858?
2
What is the ten thousands digit of 1119518475?
1
What is the millions digit of 37566074?
7
What is the thousands digit of 2196202897?
2
What is the billions digit of 3461020780?
3
What is the tens digit of 1882129652?
5
What is the thousands digit of 1133874915?
4
What is the millions digit of 6489734118?
9
What is the thousands digit of 510555945?
5
What is the units digit of 198256208?
8
What is the tens digit of 37832623?
2
What is the millions digit of 526979345?
6
What is the millions digit of 409701831?
9
What is the tens digit of 84988203?
0
What is the units digit of 3732135?
5
What is the millions digit of 150930382?
0
What is the millions digit of 748487017?
8
What is the thousands digit of 1006820310?
0
What is the ten millions digit of 325781792?
2
What is the units digit of 332670665?
5
What is the hundred thousands digit of 28189784?
1
What is the millions digit of 93184195?
3
What is the thousands digit of 2512787394?
7
What is the tens digit of 763035691?
9
What is the ten millions digit of 724010949?
2
What is the hundreds digit of 2865154107?
1
What is the ten thousands digit of 34342813?
4
What is the units digit of 3914755078?
8
What is the hundreds digit of 401083844?
8
What is the hundred millions digit of 156946208?
1
What is the units digit of 99249519?
9
What is the ten thousands digit of 52168082?
6
What is the thousands digit of 4032813?
2
What is the ten thousands digit of 4499198648?
9
What is the billions digit of 1162273241?
1
What is the tens digit of 4536298689?
8
What is the tens digit of 73194070?
7
What is the hundred millions digit of 234257266?
2
What is the ten millions digit of 4234060152?
3
What is the ten thousands digit of 37252285?
5
What is the ten thousands digit of 207291075?
9
What is the tens digit of 1274257269?
6
What is the hundred thousands digit of 921922740?
9
What is the hundreds digit of 426191453?
4
What is the thousands digit of 77684786?
4
What is the units digit of 116973994?
4
What is the units digit of 1044346187?
7
What is the tens digit of 95774020?
2
What is the ten thousands digit of 45688878?
8
What is the hundred millions digit of 266054867?
2
What is the millions digit of 1416203729?
6
What is the tens digit of 208738835?
3
What is the units digit of 95696081?
1
What is the units digit of 1935746016?
6
What is the ten thousands digit of 292958467?
5
What is the ten millions digit of 69822934?
6
What is the hundreds digit of 169765396?
3
What is the hundreds digit of 354276616?
6
What is the ten thousands digit of 2270748959?
4
What is the tens digit of 212250459?
5
What is the ten thousands digit of 41056704?
5
What is the millions digit of 9134501?
9
What is the tens digit of 45226865?
6
What is the hundreds digit of 35596868?
8
What is the ten millions digit of 35752139?
3
What is the ten thousands digit of 434339840?
3
What is the hundreds digit of 61989899?
8
What is the tens digit of 76302292?
9
What is the millions digit of 337936240?
7
What is the tens digit of 62027871?
7
What is the hundred thousands digit of 1514578903?
5
What is the units digit of 55591408?
8
What is the ten thousands digit of 162779740?
7
What is the tens digit of 3569329146?
4
What is the billions digit of 1500940014?
1
What is the hundred millions digit of 1277239765?
2
What is the tens digit of 46592930?
3
What is the tens digit of 652431352?
5
What is the millions digit of 689989389?
9
What is the millions digit of 5541196616?
1
What is the thousands digit of 192848410?
8
What is the hundred millions digit of 868008268?
8
What is the thousands digit of 337001427?
1
What is the hundreds digit of 380879835?
8
What is the units digit of 264831001?
1
What is the millions digit of 2069635572?
9
What is the ten millions digit of 83699241?
8
What is the tens digit of 23594968?
6
What is the hundred millions digit of 565264552?
5
What is the hundred millions digit of 2726509160?
7
What is the thousands digit of 136684721?
4
What is the tens digit of 104680157?
5
What is the ten thousands digit of 475077394?
7
What is the billions digit of 6519577377?
6
What is the units digit of 3183469895?
5
What is the hundred thousands digit of 114650999?
6
What is the ten thousands digit of 16635679?
3
What is the millions digit of 1098745960?
8
What is the ten millions digit of 27098505?
2
What is the units digit of 15995961?
1
What is the billions digit of 1381338543?
1
What is the tens digit of 122106081?
8
What is the hundred thousands digit of 15528306?
5
What is the hundreds digit of 7571680?
6
What is the hundreds digit of 312921512?
5
What is the hundreds digit of 24404768?
7
What is the tens digit of 474839717?
1
What is the thousands digit of 85982957?
2
What is the ten thousands digit of 1578572389?
7
What is the billions digit of 1654591945?
1
What is the tens digit of 82546381?
8
What is the hundreds digit of 1325648594?
5
What is the units digit of 7916247226?
6
What is the tens digit of 35838999?
9
What is the hundred thousands digit of 947728576?
7
What is the tens digit of 188419862?
6
What is the millions digit of 205150381?
5
What is the hundred millions digit of 620209326?
6
What is the units digit of 38774368?
8
What is the hundreds digit of 67853981?
9
What is the units digit of 18650793?
3
What is the millions digit of 2855874500?
5
What is the thousands digit of 464355206?
5
What is the hundred thousands digit of 553778252?
7
What is the ten millions digit of 59406719?
5
What is the ten millions digit of 140669300?
4
What is the units digit of 8003910?
0
What is the millions digit of 9060464451?
0
What is the tens digit of 446658528?
2
What is the hundred thousands digit of 42925273?
9
What is the units digit of 224845762?
2
What is the hundred thousands digit of 13591521?
5
What is the hundreds digit of 575546804?
8
What is the millions digit of 2326111692?
6
What is the millions digit of 100718489?
0
What is the hundred thousands digit of 827044519?
0
What is the millions digit of 176907390?
6
What is 